is the hundred millions digit of 4119873845?
1
What is the units digit of 112155002?
2
What is the ten millions digit of 171836987?
7
What is the hundred thousands digit of 28033538?
0
What is the hundred millions digit of 913882803?
9
What is the millions digit of 123543157?
3
What is the hundred thousands digit of 724611001?
6
What is the units digit of 848762786?
6
What is the hundred thousands digit of 125055598?
0
What is the hundred millions digit of 2600013446?
6
What is the hundred millions digit of 782600516?
7
What is the units digit of 26493436?
6
What is the hundred thousands digit of 16970728?
9
What is the hundreds digit of 675279661?
6
What is the ten millions digit of 158215660?
5
What is the units digit of 140036160?
0
What is the thousands digit of 166616011?
6
What is the units digit of 56257423?
3
What is the ten thousands digit of 62997618?
9
What is the ten millions digit of 86393976?
8
What is the ten millions digit of 87262237?
8
What is the billions digit of 1177217960?
1
What is the millions digit of 271286680?
1
What is the millions digit of 204199098?
4
What is the hundreds digit of 40721217?
2
What is the hundred millions digit of 1297623657?
2
What is the units digit of 1355270133?
3
What is the millions digit of 78357570?
8
What is the hundred millions digit of 242239977?
2
What is the hundred thousands digit of 4728758?
7
What is the billions digit of 2351444524?
2
What is the ten millions digit of 358235670?
5
What is the tens digit of 602911721?
2
What is the ten millions digit of 12623474?
1
What is the hundreds digit of 734473004?
0
What is the tens digit of 505614457?
5
What is the ten thousands digit of 136605157?
0
What is the thousands digit of 1278597410?
7
What is the tens digit of 141153247?
4
What is the millions digit of 7619938?
7
What is the ten millions digit of 178399453?
7
What is the ten millions digit of 929044156?
2
What is the ten millions digit of 278260697?
7
What is the hundred thousands digit of 1923063740?
0
What is the ten millions digit of 100082439?
0
What is the hundred thousands digit of 3193065581?
0
What is the ten thousands digit of 209068948?
6
What is the ten millions digit of 17522047?
1
What is the units digit of 1855856287?
7
What is the ten millions digit of 5141912611?
4
What is the hundred millions digit of 267622114?
2
What is the millions digit of 34820391?
4
What is the millions digit of 1259151689?
9
What is the hundred millions digit of 1334344565?
3
What is the hundred thousands digit of 29088568?
0
What is the ten millions digit of 996779999?
9
What is the ten thousands digit of 34474101?
7
What is the thousands digit of 71110444?
0
What is the hundred millions digit of 4216835498?
2
What is the hundred thousands digit of 22743225?
7
What is the ten thousands digit of 33427091?
2
What is the billions digit of 2848863359?
2
What is the units digit of 190414742?
2
What is the hundred thousands digit of 732810019?
8
What is the millions digit of 538627352?
8
What is the tens digit of 63754740?
4
What is the hundred millions digit of 131306229?
1
What is the thousands digit of 287034129?
4
What is the hundreds digit of 891668775?
7
What is the hundreds digit of 154954668?
6
What is the hundred thousands digit of 69789571?
7
What is the hundreds digit of 18241938?
9
What is the hundreds digit of 657340482?
4
What is the ten millions digit of 153143954?
5
What is the millions digit of 35557460?
5
What is the thousands digit of 1153322209?
2
What is the ten thousands digit of 52270465?
7
What is the thousands digit of 251949701?
9
What is the hundred thousands digit of 4445449695?
4
What is the thousands digit of 8697346?
7
What is the ten thousands digit of 29353657?
5
What is the hundreds digit of 409552451?
4
What is the hundred thousands digit of 425980160?
9
What is the millions digit of 3008641974?
8
What is the thousands digit of 2173972863?
2
What is the hundreds digit of 38555204?
2
What is the units digit of 3782331518?
8
What is the tens digit of 46455064?
6
What is the hundred thousands digit of 1221327804?
3
What is the millions digit of 37960477?
7
What is the thousands digit of 82267609?
7
What is the tens digit of 240616451?
5
What is the hundred thousands digit of 36237892?
2
What is the ten millions digit of 25886018?
2
What is the hundred thousands digit of 502952267?
9
What is the hundred thousands digit of 202592870?
5
What is the millions digit of 1439379770?
9
What is the ten millions digit of 373037809?
7
What is the hundreds digit of 18562766?
7
What is the ten millions digit of 28548556?
2
What is the tens digit of 3389379336?
3
What is the hundred thousands digit of 375923228?
9
What is the units digit of 2173900531?
1
What is the millions digit of 658047888?
8
What is the ten millions digit of 33861800?
3
What is the millions digit of 346458463?
6
What is the millions digit of 45760335?
5
What is the ten thousands digit of 4981688211?
8
What is the hundred millions digit of 278473922?
2
What is the units digit of 349130032?
2
What is the hundred thousands digit of 57187696?
1
What is the millions digit of 78129969?
8
What is the tens digit of 81558499?
9
What is the ten millions digit of 2084133058?
8
What is the units digit of 31999965?
5
What is the ten thousands digit of 739796051?
9
What is the units digit of 301879764?
4
What is the billions digit of 2953935625?
2
What is the millions digit of 22826891?
2
What is the tens digit of 78101042?
4
What is the thousands digit of 15502385?
2
What is the tens digit of 1325264619?
1
What is the units digit of 21013060?
0
What is the hundred thousands digit of 3235667510?
6
What is the millions digit of 1292245201?
2
What is the millions digit of 32003042?
2
What is the units digit of 6187361179?
9
What is the ten millions digit of 483208701?
8
What is the billions digit of 9731883162?
9
What is the ten millions digit of 11973687?
1
What is the units digit of 1600387101?
1
What is the hundred thousands digit of 112232066?
2
What is the hundred thousands digit of 36374210?
3
What is the ten thousands digit of 40046245?
4
What is the thousands digit of 777790777?
0
What is the ten millions digit of 13834460?
1
What is the units digit of 3683525381?
1
What is the ten millions digit of 50144707?
5
What is the hundred millions digit of 798218590?
7
What is the tens digit of 20536889?
8
What is the hundred thousands digit of 24713769?
7
What is the ten thousands digit of 906171347?
7
What is the ten thousands digit of 88061582?
6
What is the tens digit of 37890738?
3
What is the thousands digit of 96946356?
6
What is the tens digit of 83936717?
1
What is the tens digit of 28842752?
5
What is the ten millions digit of 404916483?
0
What is the ten millions digit of 23587915?
2
What is the tens digit of 522928914?
1
What is the ten thousands digit of 2810999646?
9
What is the thousands digit of 65237496?
7
What is the tens digit of 651055680?
8
What is the hundred thousands digit of 3176130401?
1
What is the units digit of 141472125?
5
What is the units digit of 50197498?
8
What is the ten thousands digit of 1488063033?
6
What is the ten millions digit of 31007754?
3
What is the ten millions digit of 151722156?
5
What is the millions digit of 1259609987?
9
What is the hundred thousands digit of 34840532?
8
What is the hundred thousands digit of 65354070?
3
What is the thousands digit of 218848174?
8
What is the millions digit of 98991866?
8
What is the hundreds digit of 435645378?
3
What is the thousands digit of 60088773?
8
What is the ten thousands digit of 194204320?
0
What is the hundreds digit of 9107374?
3
What is the units digit of 110825591?
1
What is the thousands digit of 729477557?
7
What is the tens digit of 488735371?
7
What is the hundred millions digit of 1593628942?
5
What is the units digit of 192223717?
7
What is the thousands digit of 14667819?
7
What is the tens digit of 271949423?
2
What is the hundred thousands digit of 227529563?
5
What is the hundred thousands digit of 18058166?
0
What is the hundred thousands digit of 23619708?
6
What is the tens digit of 936625554?
5
What is the tens digit of 4194026923?
2
What is the billions digit of 2198874973?
2
What is the millions digit